 -57. Calculate the highest common factor of q and p.
20
Let l(h) = -7*h - 6. Let s be l(-4). Suppose s = -2*d - 10. Let k be (-2)/8 - 900/d. What is the highest common factor of 8 and k?
8
Let a(i) = 11*i**2 + 9*i - 17. Let o(v) = -4*v**2 - 3*v + 6. Let m(d) = 3*a(d) + 8*o(d). Let y be m(-7). Calculate the greatest common factor of 10 and y.
5
Suppose 0 = -3*j - 2 + 14. Calculate the highest common divisor of 4 and j.
4
Let i = -6 - -10. Suppose -4*z + 76 = -i*u, 4*z + u - 91 = -0*z. What is the highest common divisor of 55 and z?
11
Let q = 54 + -22. Let h = 45 - q. Calculate the highest common factor of h and 52.
13
Suppose 5*y + 27 = 152. Let g(m) = m**3 + 6*m**2 + 5*m + 5. Let q be g(-5). What is the highest common factor of y and q?
5
Let r(j) = j**2 + 12*j - 20. Let m be r(-15). What is the highest common divisor of m and 275?
25
Let t = 18 + -11. Suppose 0 = -x + 2*v + 7, 3*x = 4*x + 2*v - 7. Calculate the greatest common factor of x and t.
7
Let i be (0 + 55)*(-48)/(-15). What is the highest common divisor of i and 16?
16
Let q be (3/(-6))/((-1)/76). Let x be (-3)/9 - q/(-6). Suppose 0 = -4*m - j + 12, -5*j + 2 = 3*m - 7. What is the highest common divisor of m and x?
3
Let x be 6/21 + 10/14. Suppose -4*v = -9 + x. Let q be (-1)/((5 - v)/(-9)). What is the greatest common factor of q and 3?
3
Let u(n) = n**3 - 7*n**2 + 10*n - 9. Let c be u(6). Calculate the greatest common factor of 5 and c.
5
Let h(t) = -t**2 + 13. Let f be h(0). Suppose -4*r + 4*u = -20, 3*r - 2 = -4*u + f. What is the highest common divisor of r and 15?
5
Suppose -2*m = -48 - 18. What is the highest common factor of 11 and m?
11
Let s be (-3 + 2 - 2) + (21 - -2). Calculate the highest common divisor of s and 110.
10
Suppose 0 = b + b, 5*p + b = 0. Suppose p + 24 = 2*z + 4*j, -3*z + 36 = 2*j. What is the greatest common divisor of z and 12?
12
Let w = -17 - -18. Let v(i) = i**3 + 4*i**2 + 2*i - 1. Let z be v(-2). Let s be (-6)/z - (w + -10). Calculate the highest common divisor of 7 and s.
7
Let p(g) = g**3 + 18*g**2 + 5*g - 12. Let j be p(-17). Calculate the highest common factor of j and 12.
12
Let c(a) = -a**3 - a**2 + a - 1. Let s be c(-2). Let x = s + 1. Suppose 2*z + 2*v = 6, 3*z + x*v - 3 = 9. Calculate the greatest common divisor of 54 and z.
6
Suppose v = 4*b - v + 92, 0 = -5*b - 3*v - 115. Let r be 608/(-10) + 17/(-85). Let u = b - r. Calculate the greatest common factor of 19 and u.
19
Let k be 12*1*1/4. Let a be 4/((k + -7)/(-48)). What is the greatest common factor of a and 6?
6
Suppose -391 = -5*b - 0*b - 3*c, -4*b + 317 = c. What is the greatest common divisor of b and 10?
10
Let l = 10 + -6. Suppose -5*d + 24 = -136. What is the highest common divisor of d and l?
4
Let j(l) = -l**3 + 14*l**2 + 21*l + 8. Let k be j(15). What is the greatest common divisor of 14 and k?
14
Suppose 13 = 2*z - 1. Suppose z = 3*p - 20. Calculate the greatest common factor of p and 3.
3
Suppose w + w - 22 = 0. What is the highest common divisor of 22 and w?
11
Let x = 5 + 17. Calculate the greatest common divisor of 154 and x.
22
Suppose -2*g + 3 = 3*o - 4*o, -11 = 3*o - 5*g. Let t = 11 + o. Calculate the greatest common divisor of 28 and t.
4
Let f be (-1)/(3/(-102)*2). What is the highest common factor of 51 and f?
17
Let h(t) = -t**2 + 13*t + 13. Let c be h(13). Let w = 39 + c. What is the greatest common factor of w and 13?
13
Suppose 0 = w - z - 28, -w - 19*z = -15*z - 38. Let j be 1 - 1/(1/(-209)). What is the greatest common divisor of w and j?
30
Suppose -193 + 73 = 5*j. Let v = -12 - j. Let y(d) = 2*d. Let c be y(1). What is the highest common divisor of c and v?
2
Let v(k) = k - 2. Suppose y = 14 - 5. Suppose 0 = -3*h + 15, -3*m + 41 = h + y. Let j be v(m). What is the greatest common factor of j and 7?
7
Let q be (-1 - -2) + -3 - 21. Let i = q + 93. What is the greatest common divisor of 14 and i?
14
Suppose 0 = 5*p - n + 165 + 15, 3*p + 108 = -3*n. Let z = 51 + p. Calculate the greatest common factor of z and 60.
15
Suppose -2*f + 11 = -5. What is the greatest common divisor of 32 and f?
8
Let p(g) = g**3 + 11*g**2 + 5*g + 20. Let j be p(-10). Calculate the greatest common divisor of j and 10.
10
Let u(n) = -n**2 - 10*n - 2. Let t be u(-9). Let k(y) = -y**2 + 8*y - 3. Let f be k(t). What is the highest common divisor of f and 4?
4
Suppose 6*f + 30 = 9*f. Calculate the highest common factor of f and 70.
10
Let a(j) be the third derivative of j**5/60 - j**4/4 - 4*j**3/3 + j**2. Let w be a(9). What is the greatest common factor of 95 and w?
19
Suppose 2*x + 6*w = 3*w + 114, -3*w + 63 = x. Calculate the highest common divisor of x and 17.
17
Suppose 10*y - 48 = 4*y. Calculate the highest common divisor of 8 and y.
8
Let p = 26 - 12. Suppose 4*b - 3*y = p + 3, -3*b = 4*y - 19. Let z be ((-3)/(-2))/(b/80). Calculate the highest common divisor of z and 36.
12
Let k be 123 + -2 + 1 + -2. Let n be ((-1)/(-3))/((-2)/(-12)). Suppose -15 = -n*w + w. Calculate the highest common divisor of w and k.
15
Let u be (-44)/(-10) + (-2)/5. Suppose 0*p - 2112 = -4*p. Suppose i - u*i = -p. Calculate the highest common divisor of i and 16.
16
Let u = 12 + 0. Suppose 5*z = z + u. What is the highest common divisor of z and 1?
1
Suppose -z - 5*o + 151 = 0, -o = 7*z - 2*z - 875. Calculate the greatest common divisor of 22 and z.
22
Let f be (-225)/(-6)*4/6. Suppose -4*w - 320 = -4*x - 3*w, -x + 5*w = -99. Let b = x - f. What is the greatest common divisor of 9 and b?
9
Let a(r) = -10*r + 3 + 1 + r**3 + 2 - 3 + 8*r**2. Let j be a(-9). Calculate the highest common factor of 48 and j.
12
Let s = 4 - 13. Let b be ((-15)/4)/(s/24). Suppose 5*w - 8 = 2*j, -j + 5*w - b - 4 = 0. What is the greatest common factor of j and 54?
6
Let s(n) = 5*n**3 - 2*n**2 + 9*n - 2. Let x be s(4). What is the greatest common factor of 46 and x?
46
Suppose 2*s + 4*f = 42, 0*s + s - 4*f - 9 = 0. Let a be (34/4)/((-5)/(-50)). Calculate the highest common divisor of a and s.
17
Suppose -k - 4 = -18. Calculate the highest common divisor of k and 56.
14
Let t = -148 - -211. What is the highest common factor of 9 and t?
9
Let v(f) = -10*f**3 + 4*f**2 - f + 2. Let y(o) = o**3 + o**2 + 1. Let m(s) = v(s) - 3*y(s). Let h be m(-1). What is the highest common divisor of h and 28?
14
Suppose -3*r + 6 = 4*z - 5*z, 5*r = 4*z + 17. Let y be (-4 + 1)/(z/8). What is the highest common divisor of y and 56?
8
Suppose -3*i - 5*n = -n - 387, -i = -2*n - 139. What is the highest common divisor of 19 and i?
19
Let b be (-1 - -9)*(-5)/4. Let n = b - -22. Calculate the highest common factor of n and 12.
12
Suppose -30 = 7*j - 2*j. Let i be 49/4 + j/24. Calculate the greatest common divisor of i and 12.
12
Let n = 115 - 82. Suppose -g + 0*g + n = 0. What is the highest common factor of g and 3?
3
Let g(y) = -y**2 + 10*y + 28. Let r be g(10). Calculate the greatest common factor of r and 4.
4
Let j = -20 - -36. Let s be (-30)/(-6) + 12/4. Calculate the greatest common divisor of s and j.
8
Let g be (-645)/(-4) + 1/(-4). Let n(c) = -c + 15. Let k be n(-8). Calculate the greatest common factor of k and g.
23
Suppose 4*u + 9 = 5*u. Let w = 182 - 79. Let d = -58 + w. What is the highest common factor of d and u?
9
Let n be (-20)/(-9) + 4/(-18). Suppose a - 60 = -n*a. Calculate the highest common divisor of 20 and a.
20
Suppose -9 = -3*v, 3*a + a + v - 251 = 0. Calculate the highest common factor of a and 248.
62
Let w(x) = -7*x**2 + x. Let v be w(-2). Let s = v + 64. Suppose 3*q = 4*y + s + 37, y = 3*q - 74. Calculate the greatest common divisor of q and 10.
5
Suppose 2*n - 2*s - 92 = s, 2*n - 60 = -5*s. Let y(i) = 20*i - 20. Let a be y(6). Calculate the greatest common divisor of n and a.
20
Let n be (12 + 0)/((-15)/(-20)). Suppose 0*q - n = 4*q. Let f be q/(-10) + 78/5. Calculate the highest common factor of f and 4.
4
Let q = -1 + 21. What is the greatest common factor of q and 50?
10
Let a be (-580)/(-18) - (-8)/(-36). Let q = a + 13. Calculate the greatest common divisor of q and 5.
5
Suppose 5*v - v = 3*y - 50, -5*v + 95 = 5*y. Calculate the greatest common factor of 27 and y.
9
Let g(q) = q + 7. Let u be g(4). Calculate the greatest common factor of u and 22.
11
Let w be (-2)/3 - (-7)/(84/104). Let b(l) = l**2 + l + 16. Let j be b(0)